Let o be l(1). Let m = -7 + o. Suppose 248 = 39*n + 92. Calculate the remainder when m is divided by n.
2
Let m = -268 - -259. What is the remainder when (-111)/(((-10)/60)/((-1)/m)) is divided by 19?
17
Let v = -3032 - -3147. Calculate the remainder when 924 is divided by v.
4
Suppose -5*x = -4*i + 378, -5*i + 9*x = 10*x - 458. Let j = -3 + 19. Calculate the remainder when i is divided by j.
12
Let z = -5127 - -5141. Let b be (9 - 10)/(2/(-2)). Let l(a) = 11*a**3. Calculate the remainder when z is divided by l(b).
3
Let i be (223 - 4)*(-1)/(-3). Suppose 4*b - d = -3 + 88, 0 = 4*b - 5*d - i. What is the remainder when -3*(570/40 - 12)/(9/(-204)) is divided by b?
21
Suppose -335*q - 2312 = -339*q + 2*j, q + 5*j = 567. What is the remainder when q is divided by 58?
55
Let z be -2 - 2 - (6 + -3 + 122). Let p = 182 + z. What is the remainder when p is divided by 7?
4
Suppose 89*s = 91*s - 230. Suppose -3*h - 124 = -2*x - 31, -x + 54 = h. What is the remainder when s is divided by x?
13
Let k = -338 + 343. Suppose -140 = -k*o - 3*q, 6*o - 3*o - 60 = 3*q. Calculate the remainder when 298 is divided by o.
23
Suppose 0 = 4*j + 3*u - 5*u - 44, -5*u = 2*j - 22. What is the remainder when 72 is divided by j?
6
Let s = 108 + -114. Let q(d) = d**2 + 5*d - 4. Let f be q(s). Suppose -2*b - b - 41 = -f*j, -j = -5*b - 31. Calculate the remainder when j is divided by 6.
4
Let s(x) = -4*x - 14. Let p be s(-3). Let b(u) = -13*u + 34. Calculate the remainder when 173 is divided by b(p).
53
Let p(f) = 3*f**2 - 3*f + 2. Let k be p(1). Let g(c) = 8*c**3 - 4*c**2 - 2*c + 4. Calculate the remainder when g(k) is divided by 19.
10
Let d = 13667 - 13293. Calculate the remainder when d is divided by 26.
10
Let m be (-5*(-1)/(-2))/(4/(-8)). Suppose s - 3*l - 1 = 0, 0 = -l + m*l. Let f(j) = 99*j**3 - 1. What is the remainder when f(s) is divided by 11?
10
Let t = -145 - -145. Suppose -u + 200 - 149 = t. What is the remainder when u is divided by 15?
6
Suppose 0 = -3*n + 2965 + 1706. What is the remainder when (1 + -7 + 3)*n/(-27) is divided by 44?
41
Let r be -1*(2 + -20) + -3. Let p = 21 - r. Let l(x) = x**3 + 18*x**2 + x + 52. Calculate the remainder when l(-18) is divided by p.
4
Let u be (-198 + -26)*1/((-2)/4). Suppose 0 = 7*i - 560 - u. Calculate the remainder when i is divided by 73.
71
Suppose -972*y + 974*y - 4 = 0. Suppose -t - 4 = 0, -y*a + 3*a - 2*t - 22 = 0. Calculate the remainder when 53 is divided by a.
11
Let r(b) = b**2 + 13*b - 7. Let y be r(-14). Suppose y*f - f = 318. Calculate the remainder when 157 is divided by f.
51
Let k(g) = g**2 - 8*g + 10. Suppose 3*f - 3*x = 5907, 5*f - 4996 = -x + 4825. Suppose -1963*h - 16 = -f*h. What is the remainder when h is divided by k(7)?
2
Let m(o) = 14*o**3 - 4*o**2 - o + 7. Suppose 11 = -3*c + 17. Suppose -p + 4 = 3*q, 0*q + 2 = -q - c*p. Calculate the remainder when m(q) is divided by 26.
23
Suppose -5*p = -3*s - 50 + 132, 0 = -5*s - 5*p + 150. Let o(l) = 574*l + 208. Calculate the remainder when o(1) is divided by s.
28
Let a be (3 - 22/8)*20. Suppose -l - 4 = -5*l + 3*z, -2*z = a*l - 5. What is the remainder when 7 is divided by l/((-4)/(-24)) - 1?
2
Let o = -3125 - -3194. Calculate the remainder when 348 is divided by o.
3
Let i(k) = -k**2 + 8*k + 9. Let u(n) = 16*n - 167. Suppose 9*a - 10*a + 3*p + 25 = 0, -4*a - 2*p = -44. What is the remainder when u(a) is divided by i(8)?
5
Suppose 0 = -4*r + 20*r - 3200. Suppose r = 87*z - 83*z. Suppose -3*f = -0*f - 39. What is the remainder when z is divided by f?
11
Let i(d) = -207*d + 1. Let q be i(1). Let c = 411 + q. What is the remainder when c is divided by 21?
16
Let u(o) = 9*o + 1. Suppose -3*n + 3*h + 81 = 0, 15*h - 19*h + 100 = 4*n. Calculate the remainder when n is divided by u(1).
6
Let y = 3752 - 3556. What is the remainder when 883 is divided by y?
99
Suppose 2*s - 113 = -3*z, -4*z + 193 - 41 = 3*s. Suppose -5*n + 20 = 5*x - z, -n = -2. What is the remainder when 196 is divided by x?
7
Let r(g) = -g**2 - 6*g + 58. Calculate the remainder when 1421 is divided by r(-10).
17
Suppose -63*b = -60*b + 495. Let z = -81 - b. Suppose -48*w = -44*w - z. What is the remainder when 102 is divided by w?
18
Suppose 0 = 50*h - 21892 - 52508. What is the remainder when h is divided by 21?
18
Let z be 6/(30/3055) + -4. Suppose 41*l - 3247 = z. Suppose -5*a + 34 + 46 = 0. Calculate the remainder when l is divided by a.
14
Suppose -2*j = -5*s + 45, -4*s + j + 36 = -0*j. Calculate the remainder when ((-3)/2)/(s/(-2640)*4) is divided by 23.
18
Let n(b) = -2*b**2 - 37*b - 30. Let g be n(-16). Suppose 413 = q + 5*i, -g*i + 2065 = 5*q - 47*i. Calculate the remainder when q is divided by 105.
98
Let b(x) = -35*x - 178. What is the remainder when 88 is divided by b(-7)?
21
Let r(d) = 4*d**2 + 10*d + 10 - 12*d + 5*d**2 - 6*d**2. What is the remainder when r(8) is divided by 27?
24
Let a = 211 + -198. Suppose x - 5*r + a = 0, -15*x + 3*r + 45 = -10*x. What is the remainder when 119 is divided by x?
11
Let f(t) = -t + 24. Let v be f(8). Suppose 0 = -11*w + v*w - 20. Calculate the remainder when 17 is divided by w.
1
Let j(w) = w**3 - w**2 - w + 1. Let o be j(1). Suppose l - 22 - 12 = o. What is the remainder when 202 is divided by l?
32
Let m = 134 + -130. Suppose 0 = -m*f + 2*p - 32, 0 = -p + 2 - 4. Calculate the remainder when 56 is divided by (-669)/(-27) + f/((-162)/4).
6
Let d = 173 - 172. Suppose 0 = -r - 4*y + 32, 3*r - y + d - 32 = 0. Calculate the remainder when r is divided by 11.
1
Suppose -4*t + 2*t - 3*v + 7 = 0, 4*t = -v + 9. Suppose 0 = 3*m + 2*b - 59, -4*b - t = -m - 1. What is the remainder when 203 is divided by m?
16
Calculate the remainder when 1678 is divided by 838/14 + (-8 - ((-1710)/21)/10).
58
Let w = 26480 - 21372. Calculate the remainder when w is divided by 39.
38
Let i be 26/(-10) + 3 - 486/(-10). Let u be (58/(-4))/(3/6). Let d = i + u. Calculate the remainder when d is divided by 7.
6
Suppose -639*t + 186 = -608*t. Calculate the remainder when -6*(-5)/(-20)*-38 is divided by t.
3
Suppose 70*s + 781 - 22722 = 25449. What is the remainder when s is divided by 128?
37
What is the remainder when 646 is divided by (110/44 + 1)*(0 - -24)/2?
16
Let q(n) = -n**2 - 34*n - 6. Let f(v) = v**3 - 7*v**2 + 8*v - 11. Let a be f(4). What is the remainder when q(a) is divided by 37?
35
Suppose -2*j - 31 = -2*t + 41, -5*j = -9*t + 300. Calculate the remainder when 1889 is divided by t.
29
Suppose 1027 = -25*w + 7252. Suppose 7*b - 10*b - 83 = -f, -w = -3*f + 4*b. Calculate the remainder when f is divided by 38.
7
Let x = -23814 - -32184. Calculate the remainder when x is divided by 14.
12
Let h(v) = v**3 - 31*v**2 + 8. Let k(o) = 2*o + 2. Let a(c) = -c - 1. Let l(y) = -10*a(y) - 4*k(y). Calculate the remainder when l(6) is divided by h(31).
6
Suppose -6*w - 310 = -3670. What is the remainder when 144 is divided by 3/4*w/20?
18
Let o = 5 - 2. Suppose -w = -o*b - 2 + 8, 0 = -4*w + b + 9. Let d(s) = -s**3 + 3*s**2 + 5*s - 10. Calculate the remainder when d(3) is divided by w.
2
Let i = 58 - 21. Suppose -92 = 4*a - 116, 238 = 2*s + 3*a. What is the remainder when s is divided by i?
36
Let d be -3*(2 - -3 - 10). Suppose -10 - 110 = -d*m. Calculate the remainder when 166 is divided by m.
6
Suppose 0 = -4*h - h + 465. Let j = -67 + 139. Suppose -2*x + 0*p + 43 = -p, -3*p - j = -3*x. Calculate the remainder when h is divided by x.
17
Suppose -350 = 3*r - 5*r. Let f = -119 + r. Suppose 5*a - f + 6 = 0. Calculate the remainder when 17 is divided by a.
7
Let h(t) = 3*t**2 - 3*t + 3. Let d be h(1). Suppose -2*q - g + 6*g = -64, 0 = -5*q + d*g + 160. Calculate the remainder when 39 is divided by q.
7
Let p = 755 + -722. What is the remainder when 80 is divided by p?
14
Let c(o) = 3*o - 3. Let w be c(2). Suppose 6*d - 15 = -w. Suppose u + u = -d*h + 36, 88 = 4*h - 4*u. What is the remainder when 98 is divided by h?
18
Let q = -30 - -34. Suppose -2*k - y + 37 = -0*y, k = -5*y - q. Calculate the remainder when 93 is divided by k.
9
Let l = 84 + 393. Suppose 3*d = -3 + l. Calculate the remainder when d is divided by 33.
26
Let s(j) = j**2 - 11*j - 41. Let i be s(14). What is the remainder when 154 is divided by (i - (-4 + 6))/((-7)/385)?
44
Suppose -n + 0 + 13 = 0. Suppose 0 = -4*u - 4*